f = 31*f - 264485. List the prime factors of f.
5, 13, 313
Let m = 30 + -65. List the prime factors of -42*60/m*1.
2, 3
What are the prime factors of (974/(-6))/((-281)/31191)?
37, 487
Suppose -10*x + 78 = -8*x - 3*i, 4*x - 5*i - 160 = 0. Suppose -5*h - x = -845. Suppose -4*g - h = -5*g. What are the prime factors of g?
2, 5
Let v = -8504 + 15490. List the prime factors of v.
2, 7, 499
Let s(h) = h + 322. Let n be 0/(-2 + (0 - 3) + 7). What are the prime factors of s(n)?
2, 7, 23
Let p(b) = b**3 + 8*b + 2. Suppose 0 = -4*s - 20, -5*q + 55 = -5*s + 3*s. List the prime factors of p(q).
11, 73
Let k(n) = 43*n**2 - 169*n + 598. List the prime factors of k(-25).
2, 3, 587
Let a(t) = 31*t**2 + 16*t - 1189. What are the prime factors of a(34)?
13, 2707
Let o = -369 - -369. Suppose o = 5*g - k - 684, -2*g + 200 = -5*k - 92. What are the prime factors of g?
2, 17
Let d(f) = -2*f + 222. Let x be d(44). Suppose -i + 164 + x = -3*l, -12 = 3*l. What are the prime factors of i?
2, 11, 13
Let k(b) = 38*b**2 + 14*b - 33. Let v be k(7). Let h = -1097 + v. List the prime factors of h.
2, 5, 83
Let r = -62 - -146. Let o = 476 + r. List the prime factors of o.
2, 5, 7
Suppose 7*s + 0 = 91. List the prime factors of (s/(-2))/(2/(-324)).
3, 13
Let i = -97 + 47. Let k = i + 78. What are the prime factors of (0 + -51)*(6 - k/3)?
2, 5, 17
Let d(b) = b**2 + 2. Let n(v) = 14*v**3 + 3*v**2 - 15*v - 25. Let f(u) = 6*d(u) - n(u). What are the prime factors of f(-3)?
397
Let f = 125221 + -71567. List the prime factors of f.
2, 139, 193
Suppose -14 = -5*k + 4*k - 5*p, -4*k + 56 = 2*p. Suppose -6360 = -w - k*w. List the prime factors of w.
2, 53
List the prime factors of (-72 - -69) + -2 + 7720.
5, 1543
Suppose 293*v - 287*v = 70602. What are the prime factors of v?
7, 41
Suppose 5*w + n = -0*n + 61, -53 = -5*w - 3*n. Suppose -3*x + y = 3*y - w, 0 = 5*x - 2*y + 5. Let u(t) = 168*t + 3. What are the prime factors of u(x)?
3, 19
Let x(h) = -366*h**3 - 5*h**2 - 6*h + 9. Let i be x(-4). Suppose i = 29*m - 5536. What are the prime factors of m?
997
Let u be (4 - (-9)/(-2))*-20. List the prime factors of (4 - 2)*1695/u.
3, 113
Let n = -186 - -240. Let s = 409 - n. What are the prime factors of s?
5, 71
Let r(p) be the third derivative of -3*p**4/2 + p**3/2 - p**2. Let w be r(4). Let g = w - -240. What are the prime factors of g?
3, 11
What are the prime factors of (133 + 2/2)/((-536)/(-86564))?
17, 19, 67
List the prime factors of 0 + -1 + (-2)/3 - 112321/(-33).
2, 3, 7
List the prime factors of (25*(-160)/100)/(1 - 2289/2287).
2, 5, 2287
Let z = 218 - -884. Let i = z - 641. List the prime factors of i.
461
Let d = -2927 + 4870. List the prime factors of d.
29, 67
Suppose 47*y - 23521 = 44*y + 2*d, -7837 = -y - d. What are the prime factors of y?
3, 13, 67
Suppose -2*v = 4348 - 8976. List the prime factors of v.
2, 13, 89
Let w = -19090 - -40058. List the prime factors of w.
2, 2621
Let p(l) be the first derivative of l**3 + l**2 + 5*l + 4. Suppose -2*r = 3*o - 5*r + 27, -5*r = 2*o + 11. List the prime factors of p(o).
181
Let m = 19159 - -29128. What are the prime factors of m?
109, 443
Suppose 55*d = 48*d + 1603. Suppose -d*x = -228*x - 115. List the prime factors of x.
5, 23
Suppose 0 = -30*p + 406639 - 6289. List the prime factors of p.
5, 17, 157
Suppose 0 = 4*a - 8 - 0. Suppose 5*c = -25, -4*k + c - 273 = -a*c. Let w = 192 + k. List the prime factors of w.
2, 3, 5
Let i(m) = m**3 + 3*m**2 + 1. Let w(d) = d**3 + 10*d**2 + 2*d + 25. Let j(t) = -4*i(t) + w(t). What are the prime factors of j(-4)?
173
Let d(u) = 4544*u**2 - 4534*u**2 - 10*u - 3 + 3*u**3 - 4*u**3. Suppose -o - i + 1 = -6, 2*o - 2*i - 18 = 0. What are the prime factors of d(o)?
3, 5
Suppose 0 = 2316*s - 2312*s - 17192. What are the prime factors of s?
2, 7, 307
What are the prime factors of 267585/285 + 10/95?
3, 313
Let t be 173/4 - (-1)/(-4). Let i = t + 13. Suppose -2*g + 0*g - s + i = 0, g - 22 = s. List the prime factors of g.
2, 13
Let g(q) be the third derivative of 11*q**4/24 + 77*q**3/3 - 4*q**2 - 3*q. List the prime factors of g(21).
5, 7, 11
Suppose 26*h - 22*h - 199153 = -3*g, 0 = 4*g + 4*h - 265540. What are the prime factors of g?
3, 22129
Let k = -393 + 162. What are the prime factors of -5 - (-36)/6 - k?
2, 29
Suppose 7*w = 5*w + 10. Suppose q - 4*f - 434 = -q, 855 = 4*q + w*f. Suppose q - 63 = 4*v. What are the prime factors of v?
2, 19
Let l(z) = z**3 + 38*z**2 - 21*z - 39. Let f(n) = 11*n + 83. Let i be f(-11). What are the prime factors of l(i)?
3, 11, 23
What are the prime factors of 9/(-153) + (-809890)/(-170)?
2, 3, 397
Let w = -129 - -133. Suppose 0*g - 31 = -3*g + w*q, -5*q = 2*g + 10. Suppose 4*i - 2*a - 290 = 0, g*i - 4*a = -a + 361. What are the prime factors of i?
2, 37
What are the prime factors of (2/4)/((-4)/(-65873 - -9))?
8233
Suppose -2*p = -6, g - 2*p = 13750 - 4361. List the prime factors of g.
5, 1879
Suppose 1461*q = 1438*q + 366666. What are the prime factors of q?
2, 3, 2657
Suppose 3*k - 1015 = -2*d + 8086, -5*d = -5. List the prime factors of k.
3, 337
Let k(g) = -g**3 - 2*g**2 - 8*g - 6. Let w be k(-4). Suppose t - 1 - 2 = 0. Suppose q - 72 = 2*i, q + 8*i - w = t*i. What are the prime factors of q?
2, 17
Suppose f + 15460 = 4*f - 2318. List the prime factors of f.
2, 2963
Let x be -3 + 0 - 6/(30/(-25)). Let w be (3 - (1 - -2))/1. Suppose -122 = -x*g + 5*a, w = -5*g + 2*g + 2*a + 205. List the prime factors of g.
71
Let x(h) = -293*h + 25. Let w be x(-15). Suppose 5*k - 1440 - w = 0. What are the prime factors of k?
2, 293
Suppose 3*b = 2*i + 55372, -b - 194*i + 199*i = -18466. List the prime factors of b.
2, 3, 769
Let y = 8754 + 30455. List the prime factors of y.
39209
Suppose -5*b - 73*b + 367914 = 24*b. What are the prime factors of b?
3607
List the prime factors of 207/(-6)*((-48182)/60 - (-39)/(-130)).
5, 23, 241
Let o(g) = g - 19. Let y be o(17). What are the prime factors of 1/(y/(-304)) + 14 + -10?
2, 3, 13
Suppose d = 2*n - 3601, -2*n = -4*n - 2*d + 3616. Suppose 0 = 6*r - 3*r - 3*v - n, 5*v - 1835 = -3*r. What are the prime factors of r?
5, 11
Let a = 1284 + -368. What are the prime factors of a?
2, 229
Suppose 0 = -d + u + 7, -u + 1 = 3. Suppose 2*f - 382 = -3*f + r, -4*f = -d*r - 293. What are the prime factors of f?
7, 11
Let n be (6/(-5))/(5 - 54/10). What are the prime factors of (-14 - -2)/n - -19?
3, 5
Let f(x) = -1001*x**3 - 3*x**2 - 4*x - 3. Let v = -443 - -442. What are the prime factors of f(v)?
3, 37
Let n(i) = 4*i - 4. Let o(c) = -c + 1. Suppose -6*x + 2*x - 12 = 4*k, x = 3*k + 1. Let d(s) = k*n(s) - 6*o(s). List the prime factors of d(3).
2
Suppose 0 = -51*f + 56*f + 20. Let y be 3 - f/((-20)/(-265)). Let i = y - 41. List the prime factors of i.
3, 5
Let m = 25087 + -14515. What are the prime factors of m?
2, 3, 881
Suppose -3*v - 1846 + 432 = a, 0 = 4*v + a + 1885. Suppose 0 = -f - 3*u - 313, -f - 11 = 4*u + 297. Let j = f - v. What are the prime factors of j?
11, 13
Let r(h) = -4*h**2 + 4*h + 7. Suppose -4 - 31 = -7*x. Let i(z) = -3*z**2 + 3*z + 6. Let k(m) = x*i(m) - 4*r(m). List the prime factors of k(3).
2
Let r(q) = 7*q**2 - 6*q - 15. Let m be r(-8). Let a = m + -282. What are the prime factors of a?
199
Suppose -2*n = 3*r + 1, -4*r - 2 = 4*n - 6. Suppose -3*x + 3 + 9 = 0, -6 = -3*o - 3*x. List the prime factors of (-370)/(-6) + o/(-9)*r.
61
Let f(k) = k**3 + 3*k**2 + 3*k - 11. Let r be f(6). Suppose -819 + 175 = -2*n + s, 5*s = n - r. What are the prime factors of n?
3, 107
Suppose 17*h = -2*h. Suppose h = -8*c - 6*c + 3584. List the prime factors of c.
2
Let s(g) = -74*g**3 + 12*g**2 - 19*g + 18. What are the prime factors of s(-10)?
2, 3, 1571
Let v = 28 + -25. Suppose 1 = -v*d + 13. Let l = d - -6. What are the prime factors of l?
2, 5
Suppose -3*z - 5*o = -10495, 0*o + 8 = -2*o. Let g = -2490 + z. What are the prime factors of g?
5, 7, 29
Suppose 557893 = 67*o - 326708. What are the prime factors of o?
3, 163
Suppose -30*f + 2058 + 7223 = -1759. List the prime factors of f.
2, 23
Suppose h = -j + 28090, -56180 = -2*h + 28*j - 26*j. What are the prime factors of h?
2, 5, 53
Let y(a) = 9*a + 21*a**2 + 5*a - 3*a - 12 - 5*a + 18*a. List the prime factors of y(-4).
2, 3, 19
Suppose z - 4*k + 1714 = -266, z = -2*k - 1968. Let t = -1360 -